ase 13) to base 10.
-15
What is 50 (base 8) in base 16?
28
Convert -2 (base 15) to base 10.
-2
What is 4 (base 10) in base 14?
4
Convert -515 (base 9) to base 10.
-419
Convert 30 (base 5) to base 3.
120
Convert 28 (base 16) to base 4.
220
What is 22 (base 3) in base 13?
8
What is 271 (base 10) in base 12?
1a7
What is 3 (base 16) in base 8?
3
-1100 (base 3) to base 15
-26
-b (base 14) to base 15
-b
Convert f4 (base 16) to base 11.
202
Convert 4 (base 7) to base 8.
4
Convert d (base 15) to base 12.
11
Convert -5a (base 15) to base 14.
-61
What is -107 (base 10) in base 2?
-1101011
Convert -23 (base 12) to base 3.
-1000
Convert 1 (base 9) to base 14.
1
Convert 2000 (base 3) to base 12.
46
What is 120 (base 4) in base 2?
11000
Convert 3 (base 11) to base 6.
3
What is 12 (base 9) in base 16?
b
What is 253 (base 8) in base 7?
333
What is -15f (base 16) in base 8?
-537
-7 (base 9) to base 7
-10
Convert 111 (base 2) to base 10.
7
-6 (base 8) to base 14
-6
10 (base 3) to base 2
11
9 (base 15) to base 2
1001
What is 3 (base 7) in base 13?
3
What is -28 (base 14) in base 3?
-1100
Convert 40 (base 9) to base 10.
36
5 (base 11) to base 2
101
-152 (base 6) to base 8
-104
-1 (base 5) to base 6
-1
Convert 1 (base 13) to base 3.
1
Convert -10 (base 8) to base 14.
-8
Convert 183 (base 11) to base 7.
422
What is -1 (base 8) in base 10?
-1
21 (base 15) to base 3
1011
-16 (base 8) to base 10
-14
What is -ab (base 15) in base 13?
-c5
What is 3b (base 16) in base 3?
2012
2 (base 15) to base 4
2
What is 34 (base 16) in base 9?
57
Convert -23 (base 11) to base 7.
-34
-45 (base 13) to base 9
-63
Convert 1020 (base 3) to base 11.
30
Convert -6 (base 15) to base 11.
-6
What is 58 (base 16) in base 10?
88
c (base 14) to base 13
c
Convert -308 (base 9) to base 2.
-11111011
What is -1b (base 15) in base 4?
-122
Convert 57 (base 16) to base 6.
223
102 (base 6) to base 12
32
-37 (base 9) to base 3
-1021
What is -1 (base 7) in base 4?
-1
Convert -6 (base 7) to base 9.
-6
-34 (base 10) to base 11
-31
-55 (base 12) to base 11
-5a
What is 22 (base 5) in base 13?
c
-13 (base 5) to base 10
-8
Convert 6 (base 9) to base 3.
20
What is -2 (base 15) in base 8?
-2
Convert -33 (base 4) to base 2.
-1111
Convert 7 (base 11) to base 6.
11
What is -4 (base 6) in base 4?
-10
Convert -2020 (base 4) to base 10.
-136
0 (base 4) to base 11
0
Convert -1 (base 10) to base 8.
-1
What is -1 (base 4) in base 11?
-1
Convert -12 (base 4) to base 11.
-6
Convert -10 (base 5) to base 3.
-12
14 (base 6) to base 12
a
-1 (base 7) to base 9
-1
Convert -4 (base 5) to base 15.
-4
What is -1222 (base 3) in base 13?
-41
What is -2 (base 12) in base 5?
-2
0 (base 4) to base 3
0
-1 (base 16) to base 11
-1
Convert 101 (base 2) to base 9.
5
-7 (base 12) to base 10
-7
Convert 340 (base 7) to base 14.
c7
Convert 2 (base 4) to base 10.
2
What is -2 (base 4) in base 8?
-2
11 (base 3) to base 2
100
2 (base 13) to base 15
2
What is -3 (base 12) in base 9?
-3
What is 4 (base 9) in base 11?
4
Convert -3 (base 11) to base 15.
-3
Convert -5 (base 6) to base 8.
-5
-330 (base 9) to base 4
-10032
Convert 2 (base 3) to base 6.
2
8 (base 10) to base 7
11
Convert 42 (base 9) to base 12.
32
What is 6 (base 7) in base 4?
12
Convert 266 (base 12) to base 6.
1410
9 (base 13) to base 3
100
What is 0 (base 16) in base 5?
0
-12 (base 10) to base 6
-20
Convert 1001 (base 3) to base 9.
31
Convert 30 (base 13) to base 5.
124
-1 (base 4) to base 3
-1
What is 57 (base 10) in base 7?
111
20 (base 4) to base 8
10
-10 (base 5) to base 16
-5
What is -11 (base 5) in base 11?
-6
Convert 12 (base 5) to base 13.
7
Convert 3 (base 8) to base 5.
3
What is -7 (base 12) in base 11?
-7
What is 0 (base 7) in base 10?
0
Convert 1 (base 12) to base 10.
1
Convert 3 (base 9) to base 15.
3
What is 11 (base 6) in base 15?
7
What is -2c (base 15) in base 10?
-42
Convert 2 (base 8) to base 13.
2
What is -7 (base 10) in base 6?
-11
19 (base 10) to base 7
25
What is 80 (base 12) in base 9?
116
Convert -4 (base 5) to base 9.
-4
-1 (base 14) to base 8
-1
1001 (base 2) to base 5
14
114 (base 15) to base 5
1434
Convert -1 (base 3) to base 5.
-1
What is -5 (base 7) in base 13?
-5
-1 (base 5) to base 16
-1
Convert -4 (base 11) to base 14.
-4
-6 (base 8) to base 16
-6
-6 (base 15) to base 11
-6
13 (base 6) to base 4
21
-2313 (base 4) to base 2
-10110111
What is -1 (base 14) in base 7?
-1
What is 33 (base 6) in base 13?
18
Convert -32 (base 8) to base 15.
-1b
What is 10 (base 4) in base 12?
4
Convert 3 (base 9) to base 4.
3
What is 1 (base 10) in base 12?
1
What is 11 (base 3) in base 5?
4
What is -28 (base 14) in base 9?
-40
Convert -442 (base 8) to base 15.
-145
Convert -4 (base 12) to base 6.
-4
Convert 64 (base 14) to base 13.
6a
Convert -200 (base 3) to base 7.
-24
-140 (base 5) to base 10
-45
What is 318 (base 9) in base 14?
148
What is -21 (base 11) in base 4?
-113
What is 5 (base 7) in base 12?
5
14 (base 8) to base 13
c
-4 (base 10) to base 2
-100
Convert 24 (base 13) to base 7.
42
Convert -2 (base 9) to base 13.
-2
What is -105 (base 7) in base 10?
-54
10020 (base 3) to base 12
73
What is -220 (base 6) in base 15?
-59
Convert 4 (base 6) to base 7.
4
3 (base 5) to base 10
3
Convert -8 (base 15) to base 14.
-8
11010011 (base 2) to base 8
323
2 (base 16) to base 15
2
Convert -1000110 (base 2) to base 10.
-70
What is -8 (base 11) in base 3?
-22
31 (base 10) to base 14
23
What is 100 (base 5) in base 9?
27
Convert 2210 (base 4) to base 11.
13a
Convert 2244 (base 5) to base 11.
275
-3 (base 14) to base 15
-3
Convert 71 (base 12) to base 13.
67
Convert -2 (base 12) to base 15.
-2
What is 233 (base 7) in base 4?
1322
Convert 4 (base 7) to base 5.
4
What is -32 (base 7) in base 2?
-10111
What is 13 (base 15) in base 11?
17
Convert 11010101 (base 2) to base 13.
135
Convert 53 (base 6) to base 12.
29
Convert -128 (base 9) to base 13.
-83
Convert 50 (base 8) to base 6.
104
Convert 24 (base 8) to base 10.
20
Convert 9 (base 11) to base 7.
12
-3 (base 13) to base 4
-3
Convert -31 (base 8) to base 14.
-1b
What is a2 (base 14) in base 12?
ba
Convert 39 (base 12) to base 16.
2d
0 (base 11) to base 3
0
What is -44 (base 10) in base 11?
-40
What is -102121 (base 3) in base 12?
-221
What is -11 (base 4) in base 5?
-10
1111 (base 2) to base 6
23
Convert -1010 (base 4) to base 10.
-68
-84 (base 12) to base 5
-400
-10 (base 13) to base 15
-d
What is -108 (base 14) in base 2?
-11001100
-37 (base 16) to base 10
-55
What is 7c (base 13) in base 5?
403
Convert 11 (base 5) to base 9.
6
Convert -5 (base 16) to base 11.
-5
What is 11111001 (base 2) in base 5?
1444
Convert 1 (base 10) to base 16.
1
Convert 35 (base 7) to base 8.
32
Convert 25 (base 7) to base 2.
10011
What is -2 (base 13) in base 9?
-2
-222 (base 3) to base 5
-101
What is 1 (base 14) in base 7?
1
Convert -13 (base 5) to base 4.
-20
Convert 20 (base 11) to base 16.
16
What is -4 (base 12) in base 8?
-4
Convert 280 (base 9) to base 6.
1030
Convert 20 (base 3) to base 8.
6
4 (base 12) to base 6
4
What is -1 (base 13) in base 8?
-1
What is -18 (base 13) in base 10?
-21
-401 (base 5) to base 7
-203
-b4 (base 15) to base 5
-1134
Convert -12 (base 4) to base 10.
-6
Convert 1 (base 8) to base 14.
1
Convert -33 (base 11) to base 4.
-210
Convert -110 (base 3) to base 10.
-12
Convert 2202 (base 5) to base 13.
1a3
What is -23 (base 10) in base 13?
-1a
What is -2022 (base 4) in base 9?
-163
Convert -20 (base 3) to base 15.
-6
What is 107 (base 10) in base 14?
79
Convert -1 (base 5) to base 2.
-1
-7 (base 15) to base 14
-7
-3 (base 11) to base 5
-3
Convert 172 (base 8) to base 15.
82
75 (base 9) to base 4
1010
What is 213 (base 7) in base 12?
90
Convert -41 (base 13) to base 3.
-1222
What is 3 (base 15) in base 6?
3
-1 (base 13) to base 11
-1
Convert -8 (base 13) to base 3.
-22
What is -42 (base 15) in base 5?
-222
What is -2 (base 13) in base 15?
-2
Convert 0 (base 12) to base 9.
0
Convert -17 (base 9) to base 10.
-16
Convert -108 (base 9) to base 6.
-225
What is -22121 (base 3) in base 15?
-107
What is 1 (base 3) in base 9?
1
-78 (base 16) to base 12
-a0
Convert -20 (base 4) to base 7.
-11
What is 1 (base 3) in base 15?
1
What is 12 (base 10) in base 11?
11
What is -10010 (base 2) in base 10?
-18
What is 0 (base 3) in base 5?
0
7 (base 1